at is the remainder when h is divided by 22?
21
Suppose -v + 15 + 16 = 5*z, 5*z = v - 1. What is the remainder when 12 + 312/18 + (-8)/(-12) is divided by v?
14
What is the remainder when 2/29 + (-1400022)/(-2262) is divided by 23?
21
Suppose 17 + 5 = a. Let y be 55 + 26/(-9) + 4/(-36). Suppose -3*z - y + 88 = 0. What is the remainder when a is divided by z?
10
Let d = -42743 + 42971. Calculate the remainder when d is divided by 81.
66
Let n = 378 + 201. Let f = n - 561. Calculate the remainder when 33 is divided by f.
15
Let d be 320 - (-4 + 8 + 4 - 4). Suppose -3*j = -d + 19. What is the remainder when j is divided by 26?
21
Let m = 1819 - 1503. Calculate the remainder when m is divided by 5.
1
Suppose 5*o - 65 = 5*l, 2*l = 2*o + o - 23. What is the remainder when (-1464)/(-61) - (1 - 8) is divided by (6 + -2)*(-28)/l?
3
Let w(p) = 9*p - 22. Let j(l) = -10*l + 21. Let d(t) = -6*j(t) - 7*w(t). What is the remainder when 199 is divided by d(-13)?
65
Suppose 3*b - 24 = 0, 3*j - 3254*b + 3250*b = 328. Calculate the remainder when j is divided by 20.
0
Let j(z) = 71*z + 26. Let n be j(10). Suppose -23*l = -15*l - n. What is the remainder when l is divided by 19?
16
Suppose -9*x + 27532 = 15*x - 13196. Calculate the remainder when x is divided by 17.
14
Let z(b) = -104*b + 11352. What is the remainder when z(107) is divided by 111?
2
Let v(p) = 2*p**3 - p**2 - 21*p + 69. What is the remainder when 711 is divided by v(3)?
48
Let j = -316 - -286. What is the remainder when 79 is divided by 10 + -8 + 1/((-3)/j)?
7
Let k(p) = -178*p + 2335. What is the remainder when k(10) is divided by 156?
87
Suppose 4*o - 840 = 2*f, -3*o - 7*f + 11*f = -625. What is the remainder when o is divided by 110?
101
What is the remainder when (15 - 18) + -3 + 1 + 406 + -1 is divided by 148?
104
Suppose 0 = -k - 4*b + 14 - 11, -4*k + 32 = -4*b. Calculate the remainder when -1 + 2 - (1 - (30 - -3)) is divided by k.
5
Let t = -847 - -955. What is the remainder when 250 is divided by t?
34
Let d be (10 + 22)/((-2)/(-8)). Let t = d + -116. What is the remainder when 27 is divided by t?
3
Let z = 0 - -104. Let g = 140 - z. Let p = 220 + -78. Calculate the remainder when p is divided by g.
34
Suppose w = 26 + 13. Suppose 76 = p - 3*k, 65*p + 228 = 68*p - 2*k. What is the remainder when p is divided by w?
37
Suppose -4*p = -202 + 18. Calculate the remainder when p is divided by -2*((-42)/5 - (-6)/15).
14
Suppose -3*m = -23 + 5. Let o = -5 + 8. Calculate the remainder when (m/5)/((-135)/(-900)) is divided by o.
2
Let r be 798/(-36) - (-3)/18. Let t be r/(-5 - (16 - 4)/(-4)). Suppose t*a = 63 + 124. Calculate the remainder when 100 is divided by a.
15
Let y(i) = 7*i**2 + i - 58. Let q be y(6). Let j = 210 - q. Calculate the remainder when 39 is divided by j.
9
Calculate the remainder when ((-3840)/25 + 2 + -2)/((-18)/180) is divided by 62.
48
Suppose -2*q = -3*g - 8 + 16, -q - 5 = -2*g. Let x(r) = -193*r - 21. Calculate the remainder when x(q) is divided by 88.
84
Suppose -4*r + 0*r = -16. Suppose 0 = r*a - 6 - 106. Let u(s) = -s**2 + 33*s - 130. Calculate the remainder when u(26) is divided by a.
24
Suppose -232 = -5*n + 3. Suppose 2*l = l + 195. Let z = l + -104. What is the remainder when z is divided by n?
44
Let w be 12946/13 + ((-805)/91 - -9). What is the remainder when w/(-2)*(-19)/57 is divided by 84?
82
Let y(i) = i**3 - 53*i**2 - 9*i - 156. Calculate the remainder when y(54) is divided by 114.
108
Let a = -244 + 246. What is the remainder when 5235/75 - ((-2)/5)/a is divided by 19?
13
Let q(b) be the first derivative of b**4/4 - 5*b**3/3 + 7*b**2/2 - 8*b - 67. Calculate the remainder when 8 is divided by q(4).
0
Let g(x) = 73*x + 150. Let d be g(-13). Let b = d - -823. Calculate the remainder when 151 is divided by b.
7
Suppose 2*j + 3*j = -4*d + 125, 5*d - 25 = 0. Suppose 5*t + 296 = y, 5*y + 5372*t = 5376*t + 1291. What is the remainder when y is divided by j?
20
Suppose 32 = -0*m + m. Suppose 271*f - 96 = 263*f. Suppose -c = -v - m, -f = -c - 3*v - v. What is the remainder when 82 is divided by c?
26
Let u be 110/25 - 4/10. Suppose 2*o - u*o = -98. Suppose d = -2*d - 2*w + 57, d = w + 14. What is the remainder when o is divided by d?
15
Let t be (5*(-7)/(-35))/(2/(-26)). Let z = t + 19. Suppose -49 + 163 = z*a. Calculate the remainder when 69 is divided by a.
12
Suppose m = -2*m + 114. Let b = 2973 + -2861. What is the remainder when b is divided by m?
36
Let j(g) = -244*g - 857. What is the remainder when j(-5) is divided by 46?
41
Let j = -8913 + 11766. Calculate the remainder when j is divided by 5.
3
Suppose -2*d = -3*l - 2398, 162*d - l + 5944 = 167*d. Calculate the remainder when d is divided by 149.
147
Suppose 3*n + 9*n + 28 = 196. Calculate the remainder when 41 is divided by n.
13
Let j = -470 + 473. Suppose j*c - 14 = -h + 23, -4*h + 193 = -3*c. Calculate the remainder when 163 is divided by h.
25
Calculate the remainder when 428 is divided by (1 + -4)/(4/(-8))*(-312)/(-16).
77
Let f be (-56)/70*3*50/6. Let n(g) = -g**3 - 21*g**2 - 25*g - 2. What is the remainder when n(f) is divided by 27?
17
Suppose 57 = 8*p - 71. Suppose 2*j - 20 = -2*j. Suppose -4*y - 123 = -3*z, j*z - y = -0*y + 222. What is the remainder when z is divided by p?
13
Let f(m) = 21*m + 3. Let b be f(11). Let x = b - 135. Let d = -46 + x. Calculate the remainder when d is divided by 14.
11
Let y = 6898 + -6800. Calculate the remainder when y is divided by -2 + 2 + 49 + 2.
47
Let d = 312 + 189. Suppose 186 = -5*l + d. Let n(z) = 5*z + 2. Calculate the remainder when l is divided by n(6).
31
Suppose 0 = 3*d + 5*r - 122, 26 = 2*d - r - 51. Suppose 2*c - 4 = 8. Suppose 5*s = c + 49. Calculate the remainder when d is divided by s.
6
Let h(i) = -83*i - 2375. What is the remainder when 425 is divided by h(-29)?
9
Let z = 84 - 11. Suppose -43*g + 5762 = 1161. Let m = g - z. Calculate the remainder when m is divided by 6.
4
Let o(t) = 56*t + 447. Let n be o(-8). Let y(l) be the first derivative of -15*l**2 - l + 2. What is the remainder when y(n) is divided by 6?
5
Let g(k) = -55*k**3 - k**2 + 2*k + 2. Suppose 11*f + 5*v + 429 = 15*f, 4*f - v - 425 = 0. Calculate the remainder when f is divided by g(-1).
52
Suppose 9*d + 5*d - 3932 = -782. Calculate the remainder when d is divided by 202.
23
Let o be 3/12 + (-563)/(-4). Suppose 5*n + 35 = u - 4, 5*n = 4*u - o. What is the remainder when u is divided by 15?
4
Let h(z) = -3*z. Let j be h(-1). Let t = 0 - -29. What is the remainder when -143*(j + 2 + -6) is divided by t?
27
Let m = -31 - 16. Let u = -43 - m. Suppose 0 = 3*c + d - 19, -2*d + 30 = c + u*c. What is the remainder when c is divided by 3?
2
Let r(w) = w**2 - w + 2. Let t be r(4). Let l be (-23 - (-3)/(-1))*(-49)/t. Let d = 97 - l. What is the remainder when 19 is divided by d?
1
Let q be ((-12)/(-2) + -6)/1. Suppose q = 18*v - 495 - 207. What is the remainder when 44 is divided by v?
5
Let u be 9 + -4 - (-2 + -183). Let f = -164 + u. Suppose 32 - 76 = -4*o. Calculate the remainder when f is divided by o.
4
Suppose 8*w = 11*w - 6. Calculate the remainder when (82/w)/(-8 + (-85)/(-10)) is divided by 21.
19
Let x = -33186 + 33210. Let m(j) = 36*j + 3. What is the remainder when m(3) is divided by x?
15
Calculate the remainder when (-5)/(125/(-12048)) + (11349/(-325) - -35) is divided by 121.
119
Suppose 5*o = -4*k + 822, 2*o + 86*k - 90*k = 312. Calculate the remainder when 6803 is divided by o.
161
Suppose 3*s + 7*q = 11*q - 5, 4*s + 2*q - 8 = 0. What is the remainder when 18901/123 - s/(-3) is divided by 31?
30
Suppose 5*q = -2*h + 831, 3*q - 2*h - 505 = -0*h. Let x(a) = 2*a**2 + 24*a - 22. Calculate the remainder when q is divided by x(2).
31
What is the remainder when 4038 is divided by (-56)/308 - 88800/(-44) - -1?
0
Suppose -981 = 174*p - 6397 - 2762. What is the remainder when 165 is divided by p?
24
Let d(c) = -c**3 - 14*c**2 - 47*c - 37. Calculate the remainder when 58 is divided by d(-10).
25
Let p(a) = 179*a**3 + a**2 - a. Let s(v) = 5*v**2 - 10*v - 8. What is the remainder when p(1) is divided by s(-1)?
4
Let g = -28878 + 38830. What is the remainder when g is divided by 60?
52
Suppose j + 27 = 2*z, 15 = 5*z + j - 42. Let h = 9058 + -9011. What is the remainder when h is divid